c and u?
10
Let f be ((-40)/6)/((-4)/18). Let g(r) = r + 6. Let q be g(-2). Let o be 90/q*(-10)/(-3). Calculate the greatest common factor of f and o.
15
Let f = 87 + -65. Suppose -5*u + 5*o + 185 = 0, -4*u + 9*u = -2*o + 157. Calculate the greatest common factor of f and u.
11
Suppose -5*j = 3*l - 268, -1 + 13 = -3*l. Let f be 0 + (3 - -1) + 2. Suppose w - 5*s - 35 = -4*w, -w = -2*s - f. What is the greatest common factor of w and j?
8
Let p be (-9712)/(-72) + 0 + (-1)/(-9). What is the highest common divisor of 45 and p?
45
Let m(d) = -d**2 - d + 77. Let n be m(0). Calculate the highest common factor of n and 11.
11
Suppose 2*s = -3*m - 0*s + 742, -s = m - 246. Suppose -4*y + m = y. Calculate the highest common factor of y and 20.
10
Suppose 5*m + 2*z = -2*z - 8, 3*m - 3*z = 6. Suppose 5*t = 4*f + f + 435, -2*t - 2*f + 186 = m. What is the highest common divisor of t and 10?
10
Let m(u) = -7*u + 25. Let v be m(0). Calculate the greatest common factor of 200 and v.
25
Let k be 6/(-24) + 17/4. Suppose 4*g + 20 = -4*t, -3*t + k*g = -2*t + 10. Let v be (44/(-6))/(4/t). Calculate the highest common divisor of v and 88.
11
Let c be 2/5 + 23/5. Suppose -4*s = c*y + s - 15, 2*s + 34 = 3*y. Let o = -23 + 39. What is the highest common factor of o and y?
8
Let f be 8/4 + 1 + -1. Let c(u) = -u - 9. Let t be c(0). Let b be 45/f*(-6)/t. Calculate the greatest common divisor of b and 60.
15
Suppose -3*n + s = -9, -2*n - 3*n + 15 = -4*s. Calculate the greatest common divisor of n and 1.
1
Let k = -34 + 20. Let a be (-248)/k - (-22)/77. Suppose 3*u = -2*u + 60. Calculate the greatest common factor of u and a.
6
Let q(g) = 6*g + 3. Let k be q(2). What is the greatest common factor of k and 3?
3
Let p be (3 - 0)*-1 - -45. What is the highest common factor of 63 and p?
21
Suppose -5*s + 86 = -4. Calculate the highest common factor of 12 and s.
6
Let h be (67 - -1) + (-4)/(-28)*0. What is the highest common divisor of h and 17?
17
Let b = -253 + 443. Calculate the greatest common divisor of b and 10.
10
Let x = 6 - 4. Let k = -73 + 75. Calculate the greatest common divisor of k and x.
2
Let a(f) = 13*f**2 + 2*f - 27. Let r be a(5). Calculate the highest common factor of 28 and r.
28
Let s = -9 - -15. Calculate the greatest common divisor of s and 2.
2
Suppose 3*h - 21 = 6. Suppose 5*u - 44 = 181. Calculate the highest common factor of h and u.
9
Let f(q) = q + 41. Let b be f(-14). Let c = 7 - -11. Suppose 2*t + c = 4*t. What is the highest common factor of t and b?
9
Let z(q) = q**3 + 4*q**2 - q - 4. Let u be z(-4). Let o be (u + (-2)/(-4))*6. What is the greatest common divisor of 6 and o?
3
Suppose 5 = d - 0. Suppose -2*h = -p - 2 - 4, d*h - 18 = p. Calculate the greatest common divisor of 32 and h.
4
Let v = 0 - -1. Let o be (-15)/(2/(-6)*v). What is the greatest common divisor of o and 18?
9
Suppose -5*j + 52 - 17 = 0. Let p(y) = -2*y + 6*y + 10*y. Let g be p(1). Calculate the greatest common divisor of g and j.
7
Suppose -v = -8 - 4. Let g(i) = 9*i**2 - 5*i + 2 + 2*i + 25*i**2. Let r be g(2). What is the highest common factor of r and v?
12
Suppose -l - 5*y - 21 = -81, -5*y + 110 = 2*l. Calculate the greatest common divisor of 20 and l.
10
Let p be (-37)/(-1) - (6 + -4). What is the highest common divisor of p and 7?
7
Let u be 2 + (-3)/(6/(-4)). Suppose 32 = 2*o - a, -2*o + 9 = -o - u*a. Let w(m) = -5*m - 18. Let n be w(-7). Calculate the greatest common factor of n and o.
17
Let y(f) = -7*f + 5. Let n be y(-2). Calculate the greatest common divisor of n and 152.
19
Let u(k) = 5*k + 25. Let l be u(6). Let d(f) = -7*f + 1. Let r be d(-3). Calculate the greatest common factor of l and r.
11
Let k(d) = -5*d**3 - 5*d**2 + 6. Let f(t) = -6*t**3 - 6*t**2 + 7. Let h(i) = -4*f(i) + 5*k(i). Let l be h(0). What is the greatest common divisor of 16 and l?
2
Let x(m) = m**2 - 16*m + 8. Let g be x(16). Suppose 0 = -2*w - 8*r + 3*r - 6, 4*r + 9 = -w. Let z = g + w. What is the highest common divisor of 45 and z?
15
Let o(m) = 4*m**2 - 3*m + 3. Let i be (12/(-15))/(2/(-5)). Let n be o(i). What is the greatest common divisor of n and 13?
13
Let q(x) = x**2 + 2*x - 13. Let t be q(-6). Calculate the greatest common divisor of 121 and t.
11
Let z(x) = x**3 - 5*x**2 + 2*x - 6. Let w be z(5). Suppose 5*r - w*y = -0*y + 376, -4*r - 3*y = -276. Calculate the greatest common factor of 9 and r.
9
Let p(q) = -q**2 - 20*q - 30. Let f be p(-18). What is the greatest common factor of f and 54?
6
Let d(a) = a**3 + a + 16. Let h be d(0). Suppose 80 = -r + 6*r + 4*c, 0 = r - 2*c - h. Calculate the greatest common factor of 8 and r.
8
Let m be 511/35 - (-6)/(-10). What is the highest common divisor of 14 and m?
14
Let x = -11 + 5. Let v be (x/(-7))/((-17)/(-238)). What is the greatest common divisor of v and 96?
12
Suppose -t = -68 - 29. Let s = t + -4. Suppose -4*c - 248 = -4*l, 3*c - 427 = -5*l - s. What is the greatest common divisor of 26 and l?
13
Suppose 2*s = i - 56, 3*i + 5*s - 55 = 146. Let b = i + -43. Calculate the highest common factor of 95 and b.
19
Let y = 19 + 65. What is the greatest common factor of y and 12?
12
Let i be 10/(35/33 + -1). Let h = -4 - -6. Let l(a) = 3*a**2 + 3*a - 3. Let w be l(h). Calculate the greatest common divisor of i and w.
15
Let c(w) = -w**2 - 14*w - 30. Let k be c(-9). Calculate the greatest common factor of 75 and k.
15
Suppose -4*w - w + 40 = 0. Let l(j) = -j**2 + 10*j - 8. Let o be l(w). Let y(d) = -15*d + 2. Let x be y(-2). What is the highest common factor of x and o?
8
Let t = -9 - -5. Let i(d) = d**3 + 3*d**2 - 4*d + 4. Let n be i(t). What is the highest common divisor of 10 and n?
2
Suppose -2 = 3*f + 4. Let s be (-51)/((21/f)/7). Calculate the greatest common factor of s and 17.
17
Let n be (-348)/(-8) + 12/(-8). What is the greatest common divisor of n and 28?
14
Suppose 0 = 4*g - 18 - 30. Suppose -12 = 2*t - 18. Let m be ((-9)/t)/(2/(-8)). What is the greatest common divisor of g and m?
12
Let g be 645/9 + (-1)/(-3). Suppose 7*q + 63 = 14*q. What is the highest common divisor of q and g?
9
Let q be (-5)/(-5) - (2 + -6). Suppose -q*m + 38 + 457 = 0. Calculate the greatest common divisor of 11 and m.
11
Let x = 5 - 3. What is the highest common factor of x and 3?
1
Let g(v) = -2*v**3 - 4*v**2 + 6*v. Let k be g(-5). Let w = 2 + 10. What is the highest common divisor of w and k?
12
Let c be (8/3 + 1)*6. Calculate the greatest common factor of 242 and c.
22
Let i be 492/7 - 4/14. Let z = 26 + -16. What is the greatest common divisor of z and i?
10
Suppose 2*w + 5*d - 7 = 7, 5*w = 3*d + 4. Suppose 29 = r - i, -w*r + 54 = 3*i - 6*i. Let v = 32 + r. What is the greatest common divisor of 13 and v?
13
Suppose 0 = -2*l - 4*g + 2 + 4, l - 3*g + 7 = 0. Let y = l + 13. What is the greatest common divisor of 4 and y?
4
Let s = -15 + 40. What is the greatest common factor of s and 125?
25
Let k = 41 + -33. Calculate the greatest common divisor of k and 12.
4
Suppose v = -4*f + 30, -f = -4*f + 12. What is the greatest common divisor of v and 14?
14
Suppose -y - 47 = -68. Let f = -5 + 10. Suppose -4*r + v + 16 = 5*v, f*v = 4*r - 7. What is the highest common factor of y and r?
3
Let t = 1 + -10. Let d be -2 + 1 - (0 + t). Calculate the greatest common factor of 4 and d.
4
Let b(a) = 2*a**2 + 6*a - 1. Let d be b(-6). Calculate the greatest common divisor of 14 and d.
7
Let l be -2 + (4 - 1) + -1. Let j be (8 + -47)*(-1 - l). Suppose 2*y = -11 + j. Calculate the highest common divisor of 98 and y.
14
Let k(n) = 5*n - 40. Let l be k(21). Suppose 8*o = 3*o + 65. What is the highest common divisor of o and l?
13
Let o(f) = 2*f - 5. Let x be o(5). Suppose -x*p + 62 = 2*s, p + p - 16 = -3*s. Calculate the highest common divisor of p and 7.
7
Suppose 2*a = -2*a + 320. Let j be (18/5)/(12/a). What is the highest common factor of 24 and j?
24
Let v = 1 + 1. Let m be 0/v*2/(-4). Suppose 3 = -m*s + 3*s. Calculate the greatest common factor of 2 and s.
1
Let b(q) = q**3 + 6*q**2 - 3*q - 6. Let a be b(-4). Let h = a - 12. Calculate the highest common divisor of h and 65.
13
Let q be 1 - 20/(-8)*92. Calculate the greatest common factor of 33 and q.
33
Suppose 5*z + 3*d + 17 = -4, 4*d - 6 = -z. Let j be ((-27)/z)/(1/2). Let p be (-6)/(-3) + 1 + 42. What is the 